mon factor of d and 1044.
36
Let y(x) = x**2 - 8 + 0*x**2 + 11*x - 2*x**2. Let b = -536 - -543. Let q be y(b). What is the highest common divisor of 4 and q?
4
Suppose 4*x + 190 = 2*h, h + 360 = 5*h - 4*x. What is the greatest common factor of h and 17?
17
Let x be (18/4)/((-3)/(-4)). Let n = -3 + 6. Suppose 3 + n = v. Calculate the greatest common factor of x and v.
6
Suppose 12*g = -744 + 18168. What is the greatest common factor of g and 132?
132
Suppose 6*h - 4*h + 430 = 5*r, -3*r + 237 = 3*h. Calculate the highest common factor of 798 and r.
42
Let b = -8 + 50. Suppose 5 = 10*f - 85. Suppose 0 = -f*h + 13*h - 420. What is the highest common divisor of h and b?
21
Let r be 6*(-2 + 130/6). Suppose 10*z + 8*z = 1224. Suppose 0*o - 5*g - r = -4*o, 2*g - z = -2*o. Calculate the greatest common divisor of 8 and o.
8
Suppose 0 = -0*w - 3*w - 5*s + 533, -2*w - 2*s + 354 = 0. Suppose a - 2*v + 26 = 3*a, 5*a + 4*v - 68 = 0. What is the greatest common factor of a and w?
16
Let s(u) = u + 49. Let i be s(-37). Suppose 0 = -2*k + 4*k - 168. Calculate the highest common divisor of i and k.
12
Let c be 18/2 + 88 + -91. Let t be (-2 - (-1 + -1))/2. Suppose t*l + 2 = l. What is the highest common divisor of c and l?
2
Suppose 110*p = 3*d + 105*p - 565, 3*p - 165 = -d. Calculate the greatest common factor of d and 16.
4
Let w = -1123 - -1233. What is the greatest common divisor of w and 198?
22
Let f(z) = 88*z**2 + z - 1. Let t be f(1). Suppose -182*l + 599 = -857. Calculate the highest common factor of l and t.
8
Suppose 5*z - 118 = 77. Suppose -3*d = 4*b - 62, 0 = 2*d - 2*b + 21 - 81. What is the greatest common divisor of z and d?
13
Suppose -5*b = 5, -8*p + 3*p + 2*b + 62 = 0. Calculate the greatest common factor of 294 and p.
6
Let s be ((-7)/14)/((-1)/(-12)). Let q = s + 3. Let o(m) = -6*m. Let w be o(q). Calculate the greatest common divisor of 18 and w.
18
Let g = 646 - 635. Calculate the greatest common factor of 253 and g.
11
Suppose 0 = -3*b + 4*y - y + 63, -b + 3*y = -27. Let x be 20/(-3) + 4/6. Let w(d) = -d. Let z be w(x). Calculate the highest common divisor of b and z.
6
Let r be ((-20)/(-6))/((-1)/(-3)). Suppose r*g = -4*g + 14. Calculate the greatest common factor of g and 8.
1
Let j(c) = -c**2 + 3*c - 1. Let p be j(2). Let b = p - 2. Let k(q) = -10*q**3 - q**2. Let y be k(b). What is the highest common factor of y and 9?
9
Let l be 502/(-8)*-6 + 2/4. What is the greatest common divisor of 13 and l?
13
Let y(o) = 2*o - 26. Let r be y(14). Suppose 38 + 32 = 2*t. Let k = t + -17. What is the highest common divisor of k and r?
2
Let n = 487 + -481. What is the highest common factor of n and 162?
6
Let x = -122 + 227. Let h(a) = -a**3 - 23*a**2 + 22*a - 6. Let t be h(-24). Calculate the greatest common divisor of x and t.
21
Let y = -750 - -762. Calculate the greatest common factor of y and 708.
12
Let b be 10/55 + (-40)/(-22). Suppose 7*i - 18 = -b*i. Let c be -2*2/4 + 3. Calculate the greatest common factor of i and c.
2
Let s(f) = f**3 + 13*f**2 - 4*f + 24. Let y be s(-11). What is the highest common factor of 50 and y?
10
Let l = -23 + 113. Let f be ((-3)/(-2))/(4/8). Suppose w = 0, -f*h + 0*h + 4*w = -54. What is the highest common divisor of l and h?
18
Let t be -19*((-7 - 0) + 2). Let w = -2645 - -2683. Calculate the greatest common factor of t and w.
19
Let h = -85 - -93. Suppose 0 = -16*b + 14*b + 64. Calculate the highest common factor of h and b.
8
Let i = -36 + 39. Let s be (2 + (-16)/6)/(i/(-1548)). What is the greatest common divisor of 43 and s?
43
Let v = 6 + -2. Suppose 5*t + 3*r = 2*r + 15, 4*r + 12 = v*t. Let x be ((-12)/18)/((16/18)/(-4)). What is the highest common factor of x and t?
3
Let c = 19 + -27. Let j(s) = 9*s + 1. Let w be j(7). Let t = w - c. What is the highest common factor of t and 18?
18
Let d be (28/(-6))/((-3)/27). Suppose -3*m - 3 = -4*v + 8, 0 = v - 4*m + 7. Let t(z) = 5*z + 3. Let w be t(v). What is the highest common divisor of d and w?
14
Let l(h) = -h**3 + 10*h**2 + 5*h - 5. Let m be l(8). Suppose -9 = 4*f - 2*n - 157, 5*f + 3*n = m. What is the highest common factor of f and 7?
7
Let a = -4841 + 4931. Suppose -130 - 14 = -4*p. What is the highest common factor of a and p?
18
Suppose 4*w - 52 = -5*x + 25, 5*x + w - 68 = 0. What is the greatest common factor of 4 and x?
1
Let l = -93 - -100. Suppose -3*c - 5*h = 2*c - 55, 3*c + 4*h - 37 = 0. What is the greatest common divisor of c and l?
7
Suppose 5*q + 140 - 1480 = 0. Let i = -124 + q. Calculate the highest common factor of 36 and i.
36
Let r be (-30)/(-4)*(-12)/(-18). Suppose 3*b - 668 = -0*b + r*x, -4*x = b - 200. Calculate the greatest common factor of 24 and b.
24
Let d be (-12)/(-4) - (-28 + (4 - 2)). Suppose -4*q + 162 = -2*s, 3*s + d + 130 = 4*q. What is the greatest common factor of 42 and q?
42
Let p be (212/30*-3)/((-94)/940). Calculate the highest common divisor of p and 4.
4
Let r = -22 + 34. Suppose 10*i + 50 = r*i. What is the greatest common factor of 15 and i?
5
Let v = 28 - 40. Let k = 13 + v. What is the highest common divisor of k and 1?
1
Let k be 2/(-9) + (-38)/(-9). Suppose 0 = 18*i + 100 - 172. What is the highest common factor of k and i?
4
Let y(a) = a**2 + 9*a - 71. Let v be y(13). Calculate the highest common divisor of v and 129.
43
Let b be -2 - -4 - (-6 - -7) - -10. Let n be 54/9*(b - 2). What is the greatest common divisor of 6 and n?
6
Let z be ((-2)/(-2) - 5)/((-12)/27). What is the highest common divisor of 1 and z?
1
Let p be (244/16 + -1)*-4. Let b = 21 + p. Let c be ((-66)/b)/(2/12). What is the greatest common factor of c and 11?
11
Let z = 5 - -93. Let c be (120/14)/(14/z). Calculate the greatest common factor of c and 30.
30
Let d(w) = w + 8. Let i = -13 + 22. Let y = i + -5. Let x be d(y). What is the highest common divisor of 48 and x?
12
Let l = -2039 - -2058. Calculate the highest common factor of l and 57.
19
Let s be 1*1/((-16)/4 + 3). Let u be (s/3)/((-11)/1254). Calculate the highest common factor of 19 and u.
19
Let b be 0*3/9 + 0. Suppose 2*y - u + 14 = 59, 3*u + 15 = b. Suppose -3*g - a = -35, 2*g + 70 = 7*g + 4*a. Calculate the highest common factor of y and g.
10
Suppose 33 = -5*y + 4*k + 169, 3*k - 3 = 0. What is the greatest common divisor of 112 and y?
28
Suppose 2*n = -5*d + 1538, 4*n + 312 = 19*d - 18*d. What is the greatest common divisor of 28 and d?
28
Suppose -32 = -5*d + 3*q + 1, -5*d - 3*q = -27. Let n(h) = 4*h + 6. Let k be n(d). Calculate the greatest common divisor of k and 20.
10
Suppose 0 = 30*u - 1276 - 44. What is the greatest common factor of 16 and u?
4
Let c(l) be the first derivative of -109*l**2 - 6*l - 25. Let x be c(-1). What is the highest common divisor of 53 and x?
53
Suppose 15*x = 7*x + 280. Suppose 2*q + 8 = 0, -3*q + 1108 = k + 3*k. What is the highest common divisor of x and k?
35
Let z be 4326/18 + -3 + 14/21. Calculate the greatest common factor of z and 4.
2
Let u = -1231 + 1258. Let p = -12 - -21. What is the greatest common factor of p and u?
9
Suppose 5*g - 15 = -x, 0*g = -g - 2*x + 3. Suppose -g = 3*z, -5*r + 732 = 5*z - 583. Calculate the greatest common divisor of r and 24.
24
Let c = -101 + 10. Let a = 100 + c. What is the greatest common factor of 36 and a?
9
Suppose -3*r = 3*i - 2697, 8*i - 4*r + 4496 = 13*i. Suppose 27*j = 23*j + i. What is the highest common factor of 9 and j?
9
Let w(x) = 4*x**2 - 11*x + 23. Let j be w(7). Suppose 113 + j = 5*t. What is the greatest common factor of t and 17?
17
Let b(r) = r**2 - 22*r - 4. Let a be b(19). Let q = 127 + a. What is the highest common factor of 99 and q?
33
Let h be (102/85)/((-2)/(-5)). Suppose 12 = t - 2*t + 4*r, t + 17 = h*r. Let o = 38 + t. What is the highest common divisor of 18 and o?
6
Suppose -3*b - 3 = -2*z - 2, 4*z = -b - 5. Let u(l) = 5*l**3 - 1. Let j be u(b). Let t be 148/20 - j/10. What is the greatest common factor of t and 1?
1
Let n(o) = o**2 + 2*o + 2. Let z be n(-3). Suppose u + 46 = z*p, -p + 6 + 0 = -u. Let l = p + 25. Calculate the highest common divisor of 7 and l.
7
Let c(g) = 7*g + 18. Let w be c(4). Let l = w - -4. Let o be (-873)/(-7) + 2/7. Calculate the highest common divisor of o and l.
25
Suppose 0 = -65*j + 64*j + 4. Suppose 3*t = 4*a - 9, -3*t + j = 4*a - 7*t. Calc